 7, 11
Let h = 18 + 9. Suppose 0 = 4*g + 3*y - h, 5*g + 0*y - 25 = 5*y. Suppose -7*v + g*v = -79. List the prime factors of v.
79
Let i(f) = 4*f**2 - 11*f - 15. Let j(x) be the first derivative of x**3/3 + 21. Let c(b) = -i(b) + 3*j(b). What are the prime factors of c(8)?
3, 13
Suppose 3*s = -5*k + 63, -4*s + 20 = k + 4. Let c(f) = -5. Let i(b) = b + 18. Let v(a) = 15*c(a) + 5*i(a). List the prime factors of v(k).
3, 5
Let z be ((-18)/12)/((-12)/32). Suppose 2*c = 3*c - z, a = 5*c + 370. What are the prime factors of a?
2, 3, 5, 13
Suppose -4*i = 4*s - 67508, 16262 = s - i - 617. List the prime factors of s.
2, 3, 29, 97
Suppose 5*b - 158 - 62 = 0. What are the prime factors of 0 + 8 - (-49060)/b?
1123
Let j(z) = 19*z - 5. Let q be j(-5). Let a be 16/(-6) + (-10269)/189. Let g = a - q. List the prime factors of g.
43
Let t(d) = d**2 + 12*d - 33. Let u be t(-15). Suppose 17*h = u*h + 330. What are the prime factors of h?
2, 3, 11
Suppose -31*a + 351509 + 16523 = 0. List the prime factors of a.
2, 7, 53
Suppose 2*f = -19 - 115. Let b = 70 + f. Suppose -204 = -2*d + b*c, 2*d + d - 3*c - 306 = 0. List the prime factors of d.
2, 3, 17
Suppose 4*y + 1110 = 3*c - 780, 3*c - 1890 = -3*y. Suppose 0 = 3*m - 8*m + c. Suppose -10 = 5*z, 2*z - m = -2*t + 62. List the prime factors of t.
2, 3
Suppose -3*g = -5*i - 509, g + 2*i = -3*g + 696. Suppose o - g = 27. List the prime factors of o.
2, 5
Suppose 4*k - p = -35, 3*k - 5*p + 50 = 11. Let y(x) = -4*x**2 - 6*x + 105 + 5*x**2 - 128. List the prime factors of y(k).
89
Let c = -2780 - -3923. What are the prime factors of c?
3, 127
Suppose 4*w - 977 = 5*f, w + 88 - 334 = 3*f. Let a = w - 95. What are the prime factors of a?
2, 37
Let d = -107 - -98. Let p(n) = -31*n + 29. What are the prime factors of p(d)?
2, 7, 11
Suppose -4*p + 3*c - 6*c + 70 = 0, 0 = 5*p + 2*c - 91. Let u(o) = 2*o - 39. Let d be u(p). List the prime factors of 1/(2/(143 + d)).
71
Let q(y) = y**3 - 38*y**2 + 42*y - 36. Let g be q(37). Suppose 592 = g*l - 148*l. What are the prime factors of l?
2, 37
Let v = 259 - 261. List the prime factors of (4/(-10))/(v/1390).
2, 139
Let o(v) = 16*v**2 + 381*v + 201. List the prime factors of o(-49).
2, 4987
Suppose -12*j - 144926 = -545330. List the prime factors of j.
61, 547
Let i = -5663 - -12880. Suppose 9*b + 809 = i. List the prime factors of b.
2, 89
Let a(j) = 22*j + 26. Suppose 5*l = -2*v + 31, 0 = -8*v + 3*v - 2*l + 67. What are the prime factors of a(v)?
2, 3, 13
Suppose -60 = -5*d + 2*j, 2*d + 2*d - 48 = 5*j. Suppose d*q = 9048 + 1860. What are the prime factors of q?
3, 101
Let g(d) = d**2 - 19*d + 34. Let a be g(17). Suppose -i + 5*i = a. Suppose 2*o - 259 = -5*m, i*m = -3*o - m + 369. List the prime factors of o.
2, 61
Let j(t) = 3*t**2 - 8. Let y be j(12). Suppose -y = -4*m + 472. Let f = -106 + m. What are the prime factors of f?
2, 59
Let z = 9710 + -8742. What are the prime factors of z?
2, 11
Suppose 2*c + 168598 = 5*f, -27*c + 24*c = -5*f + 168592. List the prime factors of f.
2, 13, 1297
Let c = -1503 - -2259. What are the prime factors of c?
2, 3, 7
Let b(k) = 25*k + 20672. What are the prime factors of b(0)?
2, 17, 19
Let j(x) = 9518*x + 1148. List the prime factors of j(3).
2, 14851
Let w be 6/2*-1 + 7. Suppose f - 11 = w*j, f - 6 = 5*j + 7. Suppose 48 = 3*b - 0*b + 4*k, -b + 21 = f*k. List the prime factors of b.
2, 3
Suppose -217*v - 472991 + 5606720 = -5684806. List the prime factors of v.
5, 13, 59
Let d = 20708 - 6730. What are the prime factors of d?
2, 29, 241
List the prime factors of 1136 - (36/(-18))/((-10)/15).
11, 103
Let y be (20 - 1) + (-1 - (2 - 2)). Suppose 22*g - y*g - 1508 = 0. What are the prime factors of g?
13, 29
Let u be (-4170)/102 + (-6)/51. Let a = u - -609. What are the prime factors of a?
2, 71
Let j = -7269 - -10649. What are the prime factors of 12/(6 + j/(-565))?
2, 3, 113
Suppose n + 2*x = 491, 11*x + 484 = n + 6*x. What are the prime factors of n?
3, 163
Suppose -166*h + 8685 = -169*h. Let b = -2050 - h. List the prime factors of b.
5, 13
Let l = -3848 - -6230. What are the prime factors of l?
2, 3, 397
Let c be (60/8 - 1)/((-4)/(-40)). Let o(b) = -31*b**3 + 2*b**2 - 2. Let x be o(-2). Let h = x - c. List the prime factors of h.
3, 7
Let u = 5693 - 3770. List the prime factors of u.
3, 641
Let c = -13092 + 25951. Suppose 23*q = 12*q + c. What are the prime factors of q?
7, 167
What are the prime factors of 1/(-14)*-4 + (-903984)/(-84)?
2, 5381
Let y(z) = z**3 - 25*z**2 + 19*z + 36. Let p(k) = -2*k**3 + 5*k**2 + 9*k + 8. Let o be p(-2). What are the prime factors of y(o)?
2, 3, 67
Suppose -13*p + 31314 = -44411. List the prime factors of p.
5, 233
Let f be 48 + 3/(-12)*-4. Suppose 589 = 5*u + f. What are the prime factors of (7/2)/(6/u)?
3, 7
Suppose -x - 40 = -21*x. Suppose -3*g = -x*b + 27, -4 - 41 = -5*b + 3*g. Suppose 2249 = 19*u - b*u. What are the prime factors of u?
173
Let i be 0 + 8/(-3)*15/(-10). Suppose -2*h = -h - i. Suppose 2*g - 134 = 5*b, 5*g + h*b - 197 - 204 = 0. What are the prime factors of g?
7, 11
Suppose 111*l - 125*l + 24920 = 0. Suppose 40*x + 2665 = 43*x + 4*p, 2*x + p = l. What are the prime factors of x?
3, 11
Let l = -9109 - -15257. List the prime factors of l.
2, 29, 53
Let s(k) = k**3 - 36*k**2 + 104*k + 72. Let y be s(33). Suppose -y*w - 1668 = -249*w. What are the prime factors of w?
139
Let z = -56 + 135. Let w = -71 + z. List the prime factors of 285*(w/(-10))/(24/(-20)).
2, 5, 19
Let d(s) = 6*s + 14. Suppose -2*o - o = -4*n + 26, -20 = -4*n. Let w be d(o). Suppose 5*l - w*k = 270, 2*l = 5*l - 3*k - 162. What are the prime factors of l?
2, 3
Let a = 31771 - 18801. What are the prime factors of a?
2, 5, 1297
Let y = 179 - 183. List the prime factors of 0 + 232/((-8)/y).
2, 29
Suppose -9008*b + 9027*b - 23940 = 0. What are the prime factors of b?
2, 3, 5, 7
Suppose 7*f + 2*a - 1318 = 6*f, 1304 = f - 5*a. What are the prime factors of f?
2, 3, 73
Let m = 49 + -33. Suppose 0*s = -2*s - 2*l + 4, -4*l = -2*s + m. Suppose 0 = 4*x + s*q - 376, -q + 1 = -0. What are the prime factors of x?
3, 31
Suppose -79*j - 66052 + 278088 = 0. What are the prime factors of j?
2, 11, 61
What are the prime factors of (-170)/(-3)*58110/650?
2, 17, 149
Let g = 116 - 15. Let i = 556 - g. Suppose -3*b = -i + 59. List the prime factors of b.
2, 3, 11
Suppose -762*j + 798*j - 624096 = 0. List the prime factors of j.
2, 11, 197
Suppose 70*y + 107520 = 85*y. What are the prime factors of y?
2, 7
Let g(h) = 3*h + 122. Suppose -9*i = -61 - 92. List the prime factors of g(i).
173
Let b = 111 - 100. Suppose 8 - 6 = 2*u - 2*m, 3*u + m - b = 0. Suppose -u*h + 240 = -339. What are the prime factors of h?
193
Suppose -5*a + 510 = 4*y, -4*a - y + 408 = 2*y. Let o(j) = j + 67. Let h be o(-24). Suppose 45*g - h*g - a = 0. List the prime factors of g.
3, 17
Suppose 0 = 24*w - 317599 - 466433. What are the prime factors of w?
2, 8167
Suppose 62*m - 2522502 = -674220. What are the prime factors of m?
3, 19, 523
Suppose 1463 + 30932 = 55*g. List the prime factors of g.
19, 31
Suppose -48304 = 36*a + 9584. Let d = -82 - a. What are the prime factors of d?
2, 7, 109
Suppose -5*f - 3*h = -0*h - 312, -132 = -2*f - 3*h. List the prime factors of (-1 - (-19)/(-5))*f/(-2).
2, 3
Let y(o) = -1712*o - 3109. List the prime factors of y(-28).
23, 1949
Suppose 10 = 2*o + 18, o - 20804 = -2*u. What are the prime factors of u?
2, 3, 17
Suppose 149 - 169 = -5*y. Suppose 4*b - 1268 = -y*r, -430 = -b + 4*r - 133. List the prime factors of b.
313
Let x be (4 - (-25)/(-4))/(39/(-52)). Suppose 5*p - x*n + 6*n = 3716, 2*p = 2*n + 1496. What are the prime factors of p?
5, 149
Let i(q) = -q**2 + 32*q - 65. Let a be i(30). Let t(y) = -y**3 - 2*y**2 - 7*y + 12. What are the prime factors of t(a)?
2, 61
Suppose 13*v - 12 = 27. Suppose -3*g = v*p - 858, g = 3*p + 252 + 50. What are the prime factors of g?
2, 5, 29
Suppose 2*r - 1841 + 693 = -t, 0 = -2*t - 8. Suppose -2*n = k - 191, 5*n - 456 = 3*k + 27. Suppose n*y = 99*y - r. What are the prime factors of y?
2, 3
Let f be 8/((1/(-2))/(1 + 7)). Let a = f - -544. Suppose -20 = 2*b - 3*x - 220, -a = -4*b + 2*x. What are the prime factors of b?
2, 53
Suppose 159918 = -55*h + 687021 + 128497. What are the prime factors of h?
2, 5, 149
S